t - 3 = -0, 0 = 4*o + 4*t - 92. What is the tens digit of o?
2
Let f(g) = -g**2 - 18*g + 28. Let l(w) = -w**2 - 12*w + 9. Let v be l(-14). What is the units digit of f(v)?
9
Let t(c) = 12*c + 6. Let y be t(-5). Let x(h) = 3*h**2 - 23*h + 103. Let m be x(8). Let b = y + m. What is the tens digit of b?
5
What is the tens digit of 288/3*196/3 - 1?
7
Suppose -d - 4*j = -11, 2*j = 3*j - 3. What is the units digit of (-1 + 0 - 125/1)/d?
6
Suppose -384 = -3*i + 246. What is the tens digit of i?
1
What is the tens digit of 398 + -2*(-4)/8 - 3?
9
Suppose 4 - 8 = z. Let o(p) = -p**2 + 8*p + 8. Let g be o(7). Let r = z + g. What is the tens digit of r?
1
Suppose 4*i + 5*z = 4*z + 2594, 4*z - 656 = -i. What is the units digit of i?
8
Let i = -1245 - -4496. What is the tens digit of i?
5
Suppose -h - 56 = -5*h. Let o(t) be the third derivative of t**4/24 - 11*t**3/6 + 8*t**2. What is the units digit of o(h)?
3
Suppose 9*z = 10*z - 6. Suppose 3*k = 3 - z. What is the units digit of 2/4*(75 + k)?
7
What is the units digit of 3/(42/(-119))*-60?
0
Let p be (54/(-45))/((-3)/10). Suppose -6 = -5*m + p. What is the tens digit of (m/6)/((-14)/(-630))?
1
Let r = 1212 - 752. What is the tens digit of r?
6
What is the hundreds digit of -18*4/((-16)/526)?
3
Let a(l) = -l**3 - 8*l**2 + 7*l - 8. Let g be a(-9). Suppose -4*h = -g + 2. Suppose 50 = x + 2*z, 0 = -5*x + h*z + 3*z + 325. What is the units digit of x?
0
Suppose 5*i - 2*i - 108 = 0. Let m be 6 - (-9)/(i/(-16)). Suppose 125 = b + 4*b - 3*h, -46 = -m*b + 2*h. What is the units digit of b?
8
Let x be -3*4*(-2)/6. Suppose 0*h + 5*a = -h, x*h + a = 38. Suppose -3 = f - h. What is the units digit of f?
7
Suppose 2*m = -4*z + 6, 5*m + 2*z = 3*z - 29. Let q = m + 7. Suppose -3*d + q*f = -4, 4*f - 2 + 0 = d. What is the units digit of d?
2
Suppose -5*c + 1 - 21 = 0, -3*t - 2 = -4*c. What is the units digit of t + 0 + 3 - -10?
7
Suppose 0 = 2*p - 2, 0 = -3*c + 2*c - 3*p + 292. What is the tens digit of c?
8
Suppose -5*w + 5 = -4*w. Suppose -3*v - 2*v - 11 = 4*g, w*v + 15 = -5*g. Let x(l) = l**2 - 4*l - 12. What is the units digit of x(g)?
0
Let a(t) = t**2. Let n(r) = -4*r + 1. Let z(v) = -a(v) + n(v). Let u be z(-3). What is the units digit of 2 + u/(4/3)?
5
Let d = 18 - 15. Suppose -7*v = -6*v - d*w - 70, -56 = -v - 4*w. What is the tens digit of v?
6
Suppose -z = z - 20. What is the units digit of z/((36/16)/9)?
0
Suppose m - 2 + 4 = -2*u, 36 = -2*m + 4*u. What is the tens digit of m/(-25)*10*19?
7
Suppose d - 80 = 2*j, -83 = -0*d - d + 5*j. What is the units digit of d?
8
What is the hundreds digit of (-7876)/(-8) - (-5)/(-2)?
9
Let o = 35 - 29. What is the tens digit of 1 - (4 + -1)*(-50)/o?
2
Suppose -8*v + 27*v - 32851 = 0. What is the tens digit of v?
2
Suppose 0 = -c - 2*r + 1236, 5*c + 2*r - 6125 = 3*r. What is the tens digit of c?
2
Suppose -3*c = 12, -5*c - 44 = -2*p - 4. Let l be (16/p)/((-19)/95). What is the units digit of 2156/30 - l/60?
2
Suppose -8 = -6*c - 32. What is the units digit of ((-21)/(-1))/(c/(-12))?
3
Let z = 31 + -29. Let v(p) = p**2 + 4*p + 2. Let g be v(-5). Suppose -30 = z*a - g*a. What is the units digit of a?
6
Let c(j) = 12*j**2 + 9*j - 420. What is the tens digit of c(14)?
5
Let s = -121 - -125. Suppose -s*k = -9*k + 330. What is the units digit of k?
6
Suppose 0 = -6*f + 3*f + 138. What is the units digit of f?
6
Let j be 2/(6/9) + 52. Suppose 5*m = j + 145. What is the units digit of m?
0
Let s be -2*1*43/(-2). Suppose -s - 1 = -4*o. What is the units digit of (o/55)/(2/10)?
1
Let p be 38*(3/(-9))/(3/9). Let l = -92 + 18. Let m = p - l. What is the units digit of m?
6
Let x be 8*(-4)/(-8) - 50. Let o = 159 - x. Let l = o + -146. What is the units digit of l?
9
Let v(s) be the third derivative of s**5/10 + s**4/6 + 2*s**3/3 - 4*s**2. Let z be v(-4). Suppose -44 - z = -4*b. What is the units digit of b?
2
Let t(h) = -h**3 + 10*h**2 - h - 4. Suppose -4 = -m + a, -4*m + a + 5 + 26 = 0. What is the tens digit of t(m)?
6
Let k(j) = -j**2 + 68*j - 232. What is the hundreds digit of k(43)?
8
Let o = -12 + 12. Let m be (-6)/(-4)*(o - -2). Suppose m*q - 66 = q. What is the tens digit of q?
3
Suppose 4*p - 4*q = 4004, 2*q = 3*p - 7*p + 3986. What is the tens digit of (4/(-14) - p/(-14)) + 3?
7
Suppose 7*k = -0*k - 140. Let b = -3 + 45. Let t = k + b. What is the units digit of t?
2
Suppose 0 = 2*v - 7 + 1. Suppose -28 = -4*w + 4*t, -4 = -v*t + 2*t. What is the tens digit of w?
1
Suppose 6*y - 120 = -6*y. Suppose 15*x = y*x + 375. What is the units digit of x?
5
Let l be 2/(-4)*(-4 - 0). Let n(p) = l*p - 4 + 6 + 3. What is the tens digit of n(5)?
1
Let k = -14 + 16. Suppose 3*x - k = 2*x. Suppose -x*v - h + 52 = h, 16 = -4*h. What is the tens digit of v?
3
Suppose -6*j + w - 36 = -10*j, -w = 3*j - 28. Suppose 55 = -j*m + 279. What is the units digit of m?
8
Let v(o) = o**3 + 7*o**2 + 2*o + 2. Let q(h) = -3*h**2 + 25*h + 13. Let y be q(9). What is the tens digit of v(y)?
4
Suppose 8*h = 68 + 12. Suppose h*l = -l + 209. What is the tens digit of l?
1
Suppose 133 = 3*m - 65. Let n = -42 + 11. Let v = n + m. What is the tens digit of v?
3
Let r(p) = -2*p**3 - p + 3. Let a be r(-2). Suppose 2*y - 5*y = -3*t - a, -2*y + 16 = -4*t. What is the units digit of y?
6
Let y(j) = -31*j + 16. What is the tens digit of y(-1)?
4
Let w(m) = 444*m + 4. What is the tens digit of w(1)?
4
Let a(z) = -3*z + 8. Let f be a(-2). Suppose -564 = -f*p + 10*p. What is the units digit of p?
1
Let f(b) = -b**3 + 42*b**2 + 119*b + 26. What is the tens digit of f(44)?
9
Let r(c) = 31*c + 202. What is the tens digit of r(4)?
2
Suppose -3*b = -13*b + 20. Suppose -4*o + 243 = 3*r, -3*r = -2*o - b*r + 119. What is the units digit of o?
0
What is the tens digit of (2/(-6))/(12/(-1908))?
5
Let g(k) = -k. Let n be (-30)/20*4/6. Let l be g(n). What is the units digit of (-31 - (-2)/l)/(-1)?
9
Let x(k) be the second derivative of k**3/3 - 6*k**2 + k. Suppose -3*a = 4*n - 14 - 10, -5*n - 3*a = -33. What is the units digit of x(n)?
6
Suppose -5*m + 2*m = -96. Suppose 18*b - m = 14*b. What is the units digit of b?
8
Let p = 783 - 395. Suppose -5*y + p - 88 = 0. Suppose -5*v = -y + 5. What is the tens digit of v?
1
Let w be (2/3)/(4/12). Suppose -4*x - z + 264 = 4*z, -118 = -w*x + z. What is the tens digit of x?
6
Let n(l) = l**3 - 22*l**2 - 67*l - 19. What is the hundreds digit of n(25)?
1
Let j(c) = 2*c + 17. Let a be j(-6). Suppose 8*o = a*o + 228. What is the units digit of o?
6
Let f = -19 - -14. Let b(j) = j**2 + 5*j + 5. What is the units digit of b(f)?
5
Let v(k) = 16 + 9 + 28 + 12*k - 31. What is the units digit of v(13)?
8
Suppose -8 = 2*t + 3*r + 1, 19 = -5*t - 4*r. Let g = -14 - -29. Let x = g + t. What is the tens digit of x?
1
Let o(x) = -x**3 + 13*x**2 - 13*x + 29. Let h(s) = -s**3 - 15*s**2 - s - 3. Let f be h(-15). What is the tens digit of o(f)?
1
Let w(t) = 2*t + 16. Let s be w(-9). What is the units digit of 4/(-2)*1*(s + 1)?
2
Let w(k) = -6*k**3 + 106*k**2 + 110*k - 189. Let l(x) = -x**3 + 21*x**2 + 22*x - 38. Let y(n) = -11*l(n) + 2*w(n). What is the units digit of y(-18)?
2
Let l(b) = 6*b + 34. Let t be l(-5). Suppose j + t*j = -4*w + 721, 0 = 4*j + w - 579. What is the units digit of j?
5
Let c = -105 - -108. Suppose 0 = 3*b - c*s - 225, -5*b - 3*s + 379 = -4*s. What is the units digit of b?
6
Suppose 0 = -2*f - 2*b + 3158, 2*f - 5*f = b - 4747. What is the tens digit of f?
8
Suppose 3*j = 4*i - 50 - 22, -i + 13 = -2*j. What is the units digit of ((-54)/4)/(i/(-28))?
8
Let k(j) = 312*j**3 - 5*j**2 + 4*j - 1. What is the hundreds digit of k(1)?
3
Suppose -3*y + 4*n = 42, 6*y - 2*n + 46 = 2*y. Let m(d) = d**2 - d - 1. What is the units digit of m(y)?
9
Let i be 10/8 + (-5)/(80/(-12)). Suppose 4*z + 34 = i*s - 60, -3*z = s - 67. What is the tens digit of s?
5
Let k(j) be the first derivative of j**2/2 + 6*j + 4. Let f be k(-6). Suppose -2*g + 16 = 3*r - f*g, -2*r - 2*g + 14 = 0. What is the units digit of r?
2
Let c(n) = -496*n**3 - 43*n**2 - 84*n - 4. What is the tens digit of c(-2)?
6
Suppose -826*y = -815*y - 8096. What is the tens digit of y?
3
Let h = -18 - -17. Let y be 4 - (4 - (1 - h)). What is the tens digit of (-29 - 13)*y/(-4)?
2
Let t = 1541 + -349. What is the hundreds digit of t?
1
Suppose -3*c - 5